{"id":1374,"date":"2017-01-24T21:33:36","date_gmt":"2017-01-24T20:33:36","guid":{"rendered":"http:\/\/cine3d.ch\/?page_id=1374"},"modified":"2017-01-28T15:58:30","modified_gmt":"2017-01-28T14:58:30","slug":"la-nuit-de-lours-2012-2-2-3-5-3-3","status":"publish","type":"page","link":"https:\/\/cine3d.ch\/?page_id=1374","title":{"rendered":"Le trio de Fant\u00f4me (2015)"},"content":{"rendered":"<p>[vc_row row_type=\u00a0\u00bbrow\u00a0\u00bb use_row_as_full_screen_section=\u00a0\u00bbno\u00a0\u00bb type=\u00a0\u00bbgrid\u00a0\u00bb angled_section=\u00a0\u00bbno\u00a0\u00bb text_align=\u00a0\u00bbleft\u00a0\u00bb background_image_as_pattern=\u00a0\u00bbwithout_pattern\u00a0\u00bb css_animation=\u00a0\u00bb\u00a0\u00bb][vc_column][vc_column_text]<\/p>\n<h3 style=\"text-align: center;\"><span style=\"color: #999999;\">LE TRIO DE FANT\u00d4ME (SAMUEL BECKETT)<\/span><\/h3>\n<p>[\/vc_column_text][\/vc_column][\/vc_row][vc_row row_type=\u00a0\u00bbrow\u00a0\u00bb use_row_as_full_screen_section=\u00a0\u00bbno\u00a0\u00bb type=\u00a0\u00bbfull_width\u00a0\u00bb angled_section=\u00a0\u00bbno\u00a0\u00bb text_align=\u00a0\u00bbleft\u00a0\u00bb background_image_as_pattern=\u00a0\u00bbwithout_pattern\u00a0\u00bb css_animation=\u00a0\u00bb\u00a0\u00bb][vc_column][vc_empty_space][\/vc_column][\/vc_row][vc_row row_type=\u00a0\u00bbrow\u00a0\u00bb use_row_as_full_screen_section=\u00a0\u00bbno\u00a0\u00bb type=\u00a0\u00bbgrid\u00a0\u00bb angled_section=\u00a0\u00bbno\u00a0\u00bb text_align=\u00a0\u00bbcenter\u00a0\u00bb background_image_as_pattern=\u00a0\u00bbwithout_pattern\u00a0\u00bb css_animation=\u00a0\u00bb\u00a0\u00bb][vc_column width=\u00a0\u00bb1\/2&Prime;]<a  itemprop=\"url\" href=\"http:\/\/www.ecal.ch\/fr\/100\/homepage\" target=\"_self\" data-hover-background-color=#000000 data-hover-border-color=#000000 data-hover-color=#c6c6c6 class=\"qbutton  small enlarge\" style=\"color: #ffffff; border-color: #000000; font-style: normal; font-weight: 300; background-color: #000000;\">site web de l'ecal<i class=\"qode_icon_font_awesome fa fa-external-link qode_button_icon_element\" style=\"color: #ffffff;\" ><\/i><\/a>[\/vc_column][vc_column width=\u00a0\u00bb1\/2&Prime;]<a  itemprop=\"url\" href=\"http:\/\/blog.cine3d.ch\/galerie\/63-workshop-3-tournage-du-trio-du-fantome-de-s-beckett\/\" target=\"_self\" data-hover-background-color=#000000 data-hover-border-color=#000000 data-hover-color=#c6c6c6 class=\"qbutton  small enlarge\" style=\"color: #ffffff; border-color: #000000; font-style: normal; font-weight: 300; background-color: #000000;\">le projet sur le blog cine3d<i class=\"qode_icon_font_awesome fa fa-external-link qode_button_icon_element\" style=\"color: #ffffff;\" ><\/i><\/a>[\/vc_column][\/vc_row][vc_row row_type=\u00a0\u00bbrow\u00a0\u00bb use_row_as_full_screen_section=\u00a0\u00bbno\u00a0\u00bb type=\u00a0\u00bbfull_width\u00a0\u00bb angled_section=\u00a0\u00bbno\u00a0\u00bb text_align=\u00a0\u00bbleft\u00a0\u00bb background_image_as_pattern=\u00a0\u00bbwithout_pattern\u00a0\u00bb css_animation=\u00a0\u00bb\u00a0\u00bb][vc_column][vc_empty_space][\/vc_column][\/vc_row][vc_row row_type=\u00a0\u00bbrow\u00a0\u00bb use_row_as_full_screen_section=\u00a0\u00bbno\u00a0\u00bb type=\u00a0\u00bbfull_width\u00a0\u00bb angled_section=\u00a0\u00bbno\u00a0\u00bb text_align=\u00a0\u00bbleft\u00a0\u00bb background_image_as_pattern=\u00a0\u00bbwithout_pattern\u00a0\u00bb css_animation=\u00a0\u00bb\u00a0\u00bb][vc_column][vc_tabs style=\u00a0\u00bbhorizontal\u00a0\u00bb][vc_tab title=\u00a0\u00bbimages\u00a0\u00bb tab_id=\u00a0\u00bb1484684479300-2-3&Prime;][vc_gallery interval=\u00a0\u00bb3&Prime; images=\u00a0\u00bb643,651,649,648,647,646,645,644,650,652&Prime; img_size=\u00a0\u00bbfull\u00a0\u00bb][\/vc_tab][vc_tab title=\u00a0\u00bbmaking of\u00a0\u00bb tab_id=\u00a0\u00bb1485289776515-2-6&Prime;][vc_gallery interval=\u00a0\u00bb3&Prime; images=\u00a0\u00bb683,682,681,680,679,678,677,676,675,674,673,672,671,670,669,668,666,665,663,662,661,660&Prime; img_size=\u00a0\u00bbfull\u00a0\u00bb][\/vc_tab][vc_tab title=\u00a0\u00bbinfos\u00a0\u00bb tab_id=\u00a0\u00bb0dc78f23-7047-7&Prime;][vc_column_text]Version relief de <em>Trio de fant\u00f4me<\/em>, \u00e0 partir du film homonyme de Samuel Beckett (<em>Ghost Trio<\/em>, 1977). Avec la voix de Claire Deutsch et la pr\u00e9sence de Branch Worsham. r\u00e9alis\u00e9 par Sam &amp; Fred Guillaume et 7 \u00e9l\u00e8ves de 2\u00e8me ann\u00e9e, d\u00e9partement cin\u00e9ma encadr\u00e9s par Laurent Kempf &amp; Renato Berta.[\/vc_column_text][\/vc_tab][\/vc_tabs][\/vc_column][\/vc_row]<\/p>\n","protected":false},"excerpt":{"rendered":"<p>[vc_row row_type=\u00a0\u00bbrow\u00a0\u00bb use_row_as_full_screen_section=\u00a0\u00bbno\u00a0\u00bb type=\u00a0\u00bbgrid\u00a0\u00bb angled_section=\u00a0\u00bbno\u00a0\u00bb text_align=\u00a0\u00bbleft\u00a0\u00bb background_image_as_pattern=\u00a0\u00bbwithout_pattern\u00a0\u00bb css_animation=\u00a0\u00bb\u00a0\u00bb][vc_column][vc_column_text] LE TRIO DE FANT\u00d4ME (SAMUEL BECKETT) [\/vc_column_text][\/vc_column][\/vc_row][vc_row row_type=\u00a0\u00bbrow\u00a0\u00bb use_row_as_full_screen_section=\u00a0\u00bbno\u00a0\u00bb type=\u00a0\u00bbfull_width\u00a0\u00bb angled_section=\u00a0\u00bbno\u00a0\u00bb text_align=\u00a0\u00bbleft\u00a0\u00bb background_image_as_pattern=\u00a0\u00bbwithout_pattern\u00a0\u00bb css_animation=\u00a0\u00bb\u00a0\u00bb][vc_column][vc_empty_space][\/vc_column][\/vc_row][vc_row row_type=\u00a0\u00bbrow\u00a0\u00bb use_row_as_full_screen_section=\u00a0\u00bbno\u00a0\u00bb type=\u00a0\u00bbgrid\u00a0\u00bb angled_section=\u00a0\u00bbno\u00a0\u00bb text_align=\u00a0\u00bbcenter\u00a0\u00bb background_image_as_pattern=\u00a0\u00bbwithout_pattern\u00a0\u00bb css_animation=\u00a0\u00bb\u00a0\u00bb][vc_column width=\u00a0\u00bb1\/2&Prime;][\/vc_column][vc_column width=\u00a0\u00bb1\/2&Prime;][\/vc_column][\/vc_row][vc_row row_type=\u00a0\u00bbrow\u00a0\u00bb use_row_as_full_screen_section=\u00a0\u00bbno\u00a0\u00bb type=\u00a0\u00bbfull_width\u00a0\u00bb angled_section=\u00a0\u00bbno\u00a0\u00bb text_align=\u00a0\u00bbleft\u00a0\u00bb background_image_as_pattern=\u00a0\u00bbwithout_pattern\u00a0\u00bb css_animation=\u00a0\u00bb\u00a0\u00bb][vc_column][vc_empty_space][\/vc_column][\/vc_row][vc_row row_type=\u00a0\u00bbrow\u00a0\u00bb use_row_as_full_screen_section=\u00a0\u00bbno\u00a0\u00bb type=\u00a0\u00bbfull_width\u00a0\u00bb angled_section=\u00a0\u00bbno\u00a0\u00bb text_align=\u00a0\u00bbleft\u00a0\u00bb background_image_as_pattern=\u00a0\u00bbwithout_pattern\u00a0\u00bb css_animation=\u00a0\u00bb\u00a0\u00bb][vc_column][vc_tabs&#8230;<\/p>\n","protected":false},"author":2,"featured_media":0,"parent":0,"menu_order":0,"comment_status":"closed","ping_status":"closed","template":"","meta":[],"_links":{"self":[{"href":"https:\/\/cine3d.ch\/index.php?rest_route=\/wp\/v2\/pages\/1374"}],"collection":[{"href":"https:\/\/cine3d.ch\/index.php?rest_route=\/wp\/v2\/pages"}],"about":[{"href":"https:\/\/cine3d.ch\/index.php?rest_route=\/wp\/v2\/types\/page"}],"author":[{"embeddable":true,"href":"https:\/\/cine3d.ch\/index.php?rest_route=\/wp\/v2\/users\/2"}],"replies":[{"embeddable":true,"href":"https:\/\/cine3d.ch\/index.php?rest_route=%2Fwp%2Fv2%2Fcomments&post=1374"}],"version-history":[{"count":2,"href":"https:\/\/cine3d.ch\/index.php?rest_route=\/wp\/v2\/pages\/1374\/revisions"}],"predecessor-version":[{"id":1412,"href":"https:\/\/cine3d.ch\/index.php?rest_route=\/wp\/v2\/pages\/1374\/revisions\/1412"}],"wp:attachment":[{"href":"https:\/\/cine3d.ch\/index.php?rest_route=%2Fwp%2Fv2%2Fmedia&parent=1374"}],"curies":[{"name":"wp","href":"https:\/\/api.w.org\/{rel}","templated":true}]}}

Le trio de Fantôme (2015)

<p>[vc_row row_type= »row » use_row_as_full_screen_section= »no » type= »grid » angled_section= »no » text_align= »left » background_image_as_pattern= »without_pattern » css_animation= » »][vc_column][vc_column_text]</p>
<h3 style="text-align: center;"><span style="color: #999999;">LE TRIO DE FANTÔME (SAMUEL BECKETT)</span></h3>
<p>[/vc_column_text][/vc_column][/vc_row][vc_row row_type= »row » use_row_as_full_screen_section= »no » type= »full_width » angled_section= »no » text_align= »left » background_image_as_pattern= »without_pattern » css_animation= » »][vc_column][vc_empty_space][/vc_column][/vc_row][vc_row row_type= »row » use_row_as_full_screen_section= »no » type= »grid » angled_section= »no » text_align= »center » background_image_as_pattern= »without_pattern » css_animation= » »][vc_column width= »1/2&Prime;]<a  itemprop="url" href="http://www.ecal.ch/fr/100/homepage" target="_self" data-hover-background-color=#000000 data-hover-border-color=#000000 data-hover-color=#c6c6c6 class="qbutton  small enlarge" style="color: #ffffff; border-color: #000000; font-style: normal; font-weight: 300; background-color: #000000;">site web de l'ecal<i class="qode_icon_font_awesome fa fa-external-link qode_button_icon_element" style="color: #ffffff;" ></i></a>[/vc_column][vc_column width= »1/2&Prime;]<a  itemprop="url" href="http://blog.cine3d.ch/galerie/63-workshop-3-tournage-du-trio-du-fantome-de-s-beckett/" target="_self" data-hover-background-color=#000000 data-hover-border-color=#000000 data-hover-color=#c6c6c6 class="qbutton  small enlarge" style="color: #ffffff; border-color: #000000; font-style: normal; font-weight: 300; background-color: #000000;">le projet sur le blog cine3d<i class="qode_icon_font_awesome fa fa-external-link qode_button_icon_element" style="color: #ffffff;" ></i></a>[/vc_column][/vc_row][vc_row row_type= »row » use_row_as_full_screen_section= »no » type= »full_width » angled_section= »no » text_align= »left » background_image_as_pattern= »without_pattern » css_animation= » »][vc_column][vc_empty_space][/vc_column][/vc_row][vc_row row_type= »row » use_row_as_full_screen_section= »no » type= »full_width » angled_section= »no » text_align= »left » background_image_as_pattern= »without_pattern » css_animation= » »][vc_column][vc_tabs style= »horizontal »][vc_tab title= »images » tab_id= »1484684479300-2-3&Prime;][vc_gallery interval= »3&Prime; images= »643,651,649,648,647,646,645,644,650,652&Prime; img_size= »full »][/vc_tab][vc_tab title= »making of » tab_id= »1485289776515-2-6&Prime;][vc_gallery interval= »3&Prime; images= »683,682,681,680,679,678,677,676,675,674,673,672,671,670,669,668,666,665,663,662,661,660&Prime; img_size= »full »][/vc_tab][vc_tab title= »infos » tab_id= »0dc78f23-7047-7&Prime;][vc_column_text]Version relief de <em>Trio de fantôme</em>, à partir du film homonyme de Samuel Beckett (<em>Ghost Trio</em>, 1977). Avec la voix de Claire Deutsch et la présence de Branch Worsham. réalisé par Sam &amp; Fred Guillaume et 7 élèves de 2ème année, département cinéma encadrés par Laurent Kempf &amp; Renato Berta.[/vc_column_text][/vc_tab][/vc_tabs][/vc_column][/vc_row]</p>

<p>[vc_row row_type= »row » use_row_as_full_screen_section= »no » type= »grid » angled_section= »no » text_align= »left » background_image_as_pattern= »without_pattern » css_animation= » »][vc_column][vc_column_text] LE TRIO DE FANTÔME (SAMUEL BECKETT) [/vc_column_text][/vc_column][/vc_row][vc_row row_type= »row » use_row_as_full_screen_section= »no » type= »full_width » angled_section= »no » text_align= »left » background_image_as_pattern= »without_pattern » css_animation= » »][vc_column][vc_empty_space][/vc_column][/vc_row][vc_row row_type= »row » use_row_as_full_screen_section= »no » type= »grid » angled_section= »no » text_align= »center » background_image_as_pattern= »without_pattern » css_animation= » »][vc_column width= »1/2&Prime;][/vc_column][vc_column width= »1/2&Prime;][/vc_column][/vc_row][vc_row row_type= »row » use_row_as_full_screen_section= »no » type= »full_width » angled_section= »no » text_align= »left » background_image_as_pattern= »without_pattern » css_animation= » »][vc_column][vc_empty_space][/vc_column][/vc_row][vc_row row_type= »row » use_row_as_full_screen_section= »no » type= »full_width » angled_section= »no » text_align= »left » background_image_as_pattern= »without_pattern » css_animation= » »][vc_column][vc_tabs&#8230;</p>
