{"id":1483,"date":"2017-06-29T16:56:30","date_gmt":"2017-06-29T15:56:30","guid":{"rendered":"http:\/\/cine3d.ch\/?page_id=1483"},"modified":"2019-12-12T14:22:19","modified_gmt":"2019-12-12T13:22:19","slug":"la-nuit-de-lours-2012-2-2-3-4-2","status":"publish","type":"page","link":"https:\/\/cine3d.ch\/?page_id=1483","title":{"rendered":"Le loup des sables (2018)"},"content":{"rendered":"<p>[vc_row css_animation=\u00a0\u00bb\u00a0\u00bb row_type=\u00a0\u00bbrow\u00a0\u00bb use_row_as_full_screen_section=\u00a0\u00bbno\u00a0\u00bb type=\u00a0\u00bbgrid\u00a0\u00bb angled_section=\u00a0\u00bbno\u00a0\u00bb text_align=\u00a0\u00bbleft\u00a0\u00bb background_image_as_pattern=\u00a0\u00bbwithout_pattern\u00a0\u00bb][vc_column][vc_column_text]<\/p>\n<h1 style=\"text-align: center;\">LE LOUP DES SABLES (2018)<\/h1>\n<p>[\/vc_column_text][\/vc_column][\/vc_row][vc_row css_animation=\u00a0\u00bb\u00a0\u00bb row_type=\u00a0\u00bbrow\u00a0\u00bb use_row_as_full_screen_section=\u00a0\u00bbno\u00a0\u00bb type=\u00a0\u00bbfull_width\u00a0\u00bb angled_section=\u00a0\u00bbno\u00a0\u00bb text_align=\u00a0\u00bbleft\u00a0\u00bb background_image_as_pattern=\u00a0\u00bbwithout_pattern\u00a0\u00bb][vc_column][vc_empty_space][\/vc_column][\/vc_row][vc_row css_animation=\u00a0\u00bb\u00a0\u00bb row_type=\u00a0\u00bbrow\u00a0\u00bb use_row_as_full_screen_section=\u00a0\u00bbno\u00a0\u00bb type=\u00a0\u00bbfull_width\u00a0\u00bb angled_section=\u00a0\u00bbno\u00a0\u00bb text_align=\u00a0\u00bbleft\u00a0\u00bb background_image_as_pattern=\u00a0\u00bbwithout_pattern\u00a0\u00bb][vc_column][vc_empty_space][\/vc_column][\/vc_row][vc_row css_animation=\u00a0\u00bb\u00a0\u00bb row_type=\u00a0\u00bbrow\u00a0\u00bb use_row_as_full_screen_section=\u00a0\u00bbno\u00a0\u00bb type=\u00a0\u00bbfull_width\u00a0\u00bb angled_section=\u00a0\u00bbno\u00a0\u00bb text_align=\u00a0\u00bbleft\u00a0\u00bb background_image_as_pattern=\u00a0\u00bbwithout_pattern\u00a0\u00bb][vc_column][vc_tabs style=\u00a0\u00bbhorizontal\u00a0\u00bb][vc_tab title=\u00a0\u00bbimages\u00a0\u00bb tab_id=\u00a0\u00bb1484684479300-2-3&Prime;][vc_gallery interval=\u00a0\u00bb3&Prime; images=\u00a0\u00bb1599,1623,1624,1625,1626,1627,1628,1629&Prime; img_size=\u00a0\u00bbfull\u00a0\u00bb][vc_column_text]\u00a9 Isabelle Daccord[\/vc_column_text][\/vc_tab][vc_tab title=\u00a0\u00bbAffiche\u00a0\u00bb tab_id=\u00a0\u00bb1516111811930-4-1&Prime;][vc_single_image image=\u00a0\u00bb1621&Prime; img_size=\u00a0\u00bbfull\u00a0\u00bb alignment=\u00a0\u00bbcenter\u00a0\u00bb qode_css_animation=\u00a0\u00bb\u00a0\u00bb][\/vc_tab][vc_tab title=\u00a0\u00bbTeaser\u00a0\u00bb tab_id=\u00a0\u00bb1516108064748-3-10&Prime;][vc_video link=\u00a0\u00bbhttps:\/\/vimeo.com\/250418719&Prime; align=\u00a0\u00bbcenter\u00a0\u00bb title=\u00a0\u00bbteaser\u00a0\u00bb][\/vc_tab][vc_tab title=\u00a0\u00bbpitch\u00a0\u00bb tab_id=\u00a0\u00bba5618a2d-977c-8&Prime;][vc_column_text]<\/p>\n<div class=\"vc_col-sm-6 wpb_column vc_column_container vc_custom_1427718485064\">\n<div class=\"wpb_wrapper\">\n<div class=\"wpb_text_column wpb_content_element \">\n<div class=\"wpb_wrapper\">Zackarina est une petite fille comme les autres. Vivant au bord de la mer avec ses parents, elle joue, s\u2019ennuie, fait des cr\u00eapes avec son papa, dessine, se met en col\u00e8re et surtout r\u00e9fl\u00e9chit aux grandes et petites choses de l\u2019existence. Sa maman travaille \u00e0 l\u2019ext\u00e9rieur et son papa, souvent absorb\u00e9 par ses lectures ou diverses t\u00e2ches n\u2019a pas vraiment le temps de r\u00e9pondre \u00e0 ses questions. Contrari\u00e9e, Zackarina va passer sa col\u00e8re sur la plage et creuse un trou dans le sable. Elle d\u00e9loge un dr\u00f4le d\u2019animal au pelage dor\u00e9, dou\u00e9 de parole : le loup des sables. Ce dernier, philosophe et roublard, sera un interlocuteur \u00e0 sa hauteur et trouvera le temps d\u2019expliquer \u00e0 Zackarina les rouages de l\u2019existence.<\/div>\n<\/div>\n<\/div>\n<\/div>\n<p>[\/vc_column_text][\/vc_tab][vc_tab title=\u00a0\u00bb\u00e9quipe\u00a0\u00bb tab_id=\u00a0\u00bb1484770926199-5-7&Prime;][vc_column_text]<\/p>\n<p class=\"show-author\" style=\"text-align: center;\"><span class=\"show-light-grey\">Auteur :<\/span>\u00a0Asa Lind, Editions Rab\u00e9n &amp; Sj\u00f6gren<\/p>\n<p class=\"show-staging\" style=\"text-align: center;\"><span class=\"show-light-grey\">Mise en sc\u00e8ne :<\/span>\u00a0Genevi\u00e8ve Pasquier et Nicolas Rossier<\/p>\n<p class=\"show-staging\" style=\"text-align: center;\"><span class=\"show-light-grey\">Traduction :<\/span>\u00a0Ludivine Verbeke, \u00a9Editions Bayard<\/p>\n<p style=\"text-align: center;\"><span class=\"show-light-grey\">Adaptation :<\/span>\u00a0Genevi\u00e8ve Pasquier et Nicolas Rossier<\/p>\n<p style=\"text-align: center;\"><span class=\"show-light-grey\">Sc\u00e9nographie :<\/span>\u00a0Genevi\u00e8ve Pasquier et Sam et Fred Guillaume<\/p>\n<p style=\"text-align: center;\"><span class=\"show-light-grey\">Images et animation :<\/span>\u00a0Sam et Fred Guillaume<\/p>\n<p style=\"text-align: center;\"><span class=\"show-light-grey\">Cr\u00e9ation lumi\u00e8re et assistant sc\u00e9nographie :<\/span>\u00a0Christophe Pitoiset<\/p>\n<p style=\"text-align: center;\"><span class=\"show-light-grey\">Univers sonore :<\/span>\u00a0Florian Pittet<\/p>\n<p style=\"text-align: center;\"><span class=\"show-light-grey\">Costumes :<\/span>\u00a0Amandine Rutschmann<\/p>\n<p style=\"text-align: center;\"><span class=\"show-light-grey\">R\u00e9alisation costumes :<\/span>\u00a0Fabienne Vuarnoz<\/p>\n<p style=\"text-align: center;\"><span class=\"show-light-grey\">Maquillages et coiffures :<\/span>\u00a0Julie Monot<\/p>\n<p style=\"text-align: center;\"><span class=\"show-light-grey\">R\u00e9alisation d\u00e9cor :<\/span>\u00a0Jean-Marie Mathey<\/p>\n<p style=\"text-align: center;\"><span class=\"show-light-grey\">Accessoires :<\/span>\u00a0Wyna Giller et Marc Hulmann<\/p>\n<p style=\"text-align: center;\"><span class=\"show-light-grey\">R\u00e9gie Lumi\u00e8re :<\/span>\u00a0Laurent Magnin<\/p>\n<p style=\"text-align: center;\"><span class=\"show-light-grey\">R\u00e9gie son :<\/span>\u00a0Pierre Berset<\/p>\n<p style=\"text-align: center;\"><span class=\"show-light-grey\">R\u00e9gie plateau :<\/span>\u00a0Olivier Rappo<\/p>\n<p style=\"text-align: center;\"><span class=\"show-light-grey\">Directeur technique :<\/span>\u00a0Manu Quartier<\/p>\n<p style=\"text-align: center;\"><span class=\"show-light-grey\">Avec le soutien du :<\/span>\u00a0Programme Culture&amp;Ecole de l\u2019Etat de Fribourg et de ses partenaires la BCF, la Loterie Romande et les TPF ainsi que du Fonds d&rsquo;aide \u00e0 l&#8217;emploi de l&rsquo;\u00e9cole de th\u00e9\u00e2tre Les Teintureries<\/p>\n<p class=\"show-producer\" style=\"text-align: center;\"><span class=\"show-light-grey\">Producteur :<\/span>\u00a0Coproduction Centre dramatique fribourgeois \u2013 Th\u00e9\u00e2tre des Osses &amp; Petit Th\u00e9\u00e2tre, Lausanne<\/p>\n<p class=\"show-actors\" style=\"text-align: center;\"><span class=\"show-light-grey\">Avec :<\/span>\u00a0Caroline Imhof, Fanny K\u00fcnzler, Vincent Rime, Pierre Spuhler<\/p>\n<p>[\/vc_column_text][\/vc_tab][\/vc_tabs][\/vc_column][\/vc_row]<\/p>\n","protected":false},"excerpt":{"rendered":"<p>[vc_row css_animation=\u00a0\u00bb\u00a0\u00bb row_type=\u00a0\u00bbrow\u00a0\u00bb use_row_as_full_screen_section=\u00a0\u00bbno\u00a0\u00bb type=\u00a0\u00bbgrid\u00a0\u00bb angled_section=\u00a0\u00bbno\u00a0\u00bb text_align=\u00a0\u00bbleft\u00a0\u00bb background_image_as_pattern=\u00a0\u00bbwithout_pattern\u00a0\u00bb][vc_column][vc_column_text] LE LOUP DES SABLES (2018) [\/vc_column_text][\/vc_column][\/vc_row][vc_row css_animation=\u00a0\u00bb\u00a0\u00bb row_type=\u00a0\u00bbrow\u00a0\u00bb use_row_as_full_screen_section=\u00a0\u00bbno\u00a0\u00bb type=\u00a0\u00bbfull_width\u00a0\u00bb angled_section=\u00a0\u00bbno\u00a0\u00bb text_align=\u00a0\u00bbleft\u00a0\u00bb background_image_as_pattern=\u00a0\u00bbwithout_pattern\u00a0\u00bb][vc_column][vc_empty_space][\/vc_column][\/vc_row][vc_row css_animation=\u00a0\u00bb\u00a0\u00bb row_type=\u00a0\u00bbrow\u00a0\u00bb use_row_as_full_screen_section=\u00a0\u00bbno\u00a0\u00bb type=\u00a0\u00bbfull_width\u00a0\u00bb angled_section=\u00a0\u00bbno\u00a0\u00bb text_align=\u00a0\u00bbleft\u00a0\u00bb background_image_as_pattern=\u00a0\u00bbwithout_pattern\u00a0\u00bb][vc_column][vc_empty_space][\/vc_column][\/vc_row][vc_row css_animation=\u00a0\u00bb\u00a0\u00bb row_type=\u00a0\u00bbrow\u00a0\u00bb use_row_as_full_screen_section=\u00a0\u00bbno\u00a0\u00bb type=\u00a0\u00bbfull_width\u00a0\u00bb angled_section=\u00a0\u00bbno\u00a0\u00bb text_align=\u00a0\u00bbleft\u00a0\u00bb background_image_as_pattern=\u00a0\u00bbwithout_pattern\u00a0\u00bb][vc_column][vc_tabs style=\u00a0\u00bbhorizontal\u00a0\u00bb][vc_tab title=\u00a0\u00bbimages\u00a0\u00bb tab_id=\u00a0\u00bb1484684479300-2-3&Prime;][vc_gallery interval=\u00a0\u00bb3&Prime; images=\u00a0\u00bb1599,1623,1624,1625,1626,1627,1628,1629&Prime; img_size=\u00a0\u00bbfull\u00a0\u00bb][vc_column_text]\u00a9 Isabelle Daccord[\/vc_column_text][\/vc_tab][vc_tab title=\u00a0\u00bbAffiche\u00a0\u00bb tab_id=\u00a0\u00bb1516111811930-4-1&Prime;][vc_single_image&#8230;<\/p>\n","protected":false},"author":2,"featured_media":0,"parent":0,"menu_order":0,"comment_status":"closed","ping_status":"closed","template":"","meta":[],"_links":{"self":[{"href":"https:\/\/cine3d.ch\/index.php?rest_route=\/wp\/v2\/pages\/1483"}],"collection":[{"href":"https:\/\/cine3d.ch\/index.php?rest_route=\/wp\/v2\/pages"}],"about":[{"href":"https:\/\/cine3d.ch\/index.php?rest_route=\/wp\/v2\/types\/page"}],"author":[{"embeddable":true,"href":"https:\/\/cine3d.ch\/index.php?rest_route=\/wp\/v2\/users\/2"}],"replies":[{"embeddable":true,"href":"https:\/\/cine3d.ch\/index.php?rest_route=%2Fwp%2Fv2%2Fcomments&post=1483"}],"version-history":[{"count":12,"href":"https:\/\/cine3d.ch\/index.php?rest_route=\/wp\/v2\/pages\/1483\/revisions"}],"predecessor-version":[{"id":1959,"href":"https:\/\/cine3d.ch\/index.php?rest_route=\/wp\/v2\/pages\/1483\/revisions\/1959"}],"wp:attachment":[{"href":"https:\/\/cine3d.ch\/index.php?rest_route=%2Fwp%2Fv2%2Fmedia&parent=1483"}],"curies":[{"name":"wp","href":"https:\/\/api.w.org\/{rel}","templated":true}]}}

<p>[vc_row css_animation= » » row_type= »row » use_row_as_full_screen_section= »no » type= »grid » angled_section= »no » text_align= »left » background_image_as_pattern= »without_pattern »][vc_column][vc_column_text]</p>
<h1 style="text-align: center;">LE LOUP DES SABLES (2018)</h1>
<p>[/vc_column_text][/vc_column][/vc_row][vc_row css_animation= » » row_type= »row » use_row_as_full_screen_section= »no » type= »full_width » angled_section= »no » text_align= »left » background_image_as_pattern= »without_pattern »][vc_column][vc_empty_space][/vc_column][/vc_row][vc_row css_animation= » » row_type= »row » use_row_as_full_screen_section= »no » type= »full_width » angled_section= »no » text_align= »left » background_image_as_pattern= »without_pattern »][vc_column][vc_empty_space][/vc_column][/vc_row][vc_row css_animation= » » row_type= »row » use_row_as_full_screen_section= »no » type= »full_width » angled_section= »no » text_align= »left » background_image_as_pattern= »without_pattern »][vc_column][vc_tabs style= »horizontal »][vc_tab title= »images » tab_id= »1484684479300-2-3&Prime;][vc_gallery interval= »3&Prime; images= »1599,1623,1624,1625,1626,1627,1628,1629&Prime; img_size= »full »][vc_column_text]© Isabelle Daccord[/vc_column_text][/vc_tab][vc_tab title= »Affiche » tab_id= »1516111811930-4-1&Prime;][vc_single_image image= »1621&Prime; img_size= »full » alignment= »center » qode_css_animation= » »][/vc_tab][vc_tab title= »Teaser » tab_id= »1516108064748-3-10&Prime;][vc_video link= »https://vimeo.com/250418719&Prime; align= »center » title= »teaser »][/vc_tab][vc_tab title= »pitch » tab_id= »a5618a2d-977c-8&Prime;][vc_column_text]</p>
<div class="vc_col-sm-6 wpb_column vc_column_container vc_custom_1427718485064">
<div class="wpb_wrapper">
<div class="wpb_text_column wpb_content_element ">
<div class="wpb_wrapper">Zackarina est une petite fille comme les autres. Vivant au bord de la mer avec ses parents, elle joue, s’ennuie, fait des crêpes avec son papa, dessine, se met en colère et surtout réfléchit aux grandes et petites choses de l’existence. Sa maman travaille à l’extérieur et son papa, souvent absorbé par ses lectures ou diverses tâches n’a pas vraiment le temps de répondre à ses questions. Contrariée, Zackarina va passer sa colère sur la plage et creuse un trou dans le sable. Elle déloge un drôle d’animal au pelage doré, doué de parole : le loup des sables. Ce dernier, philosophe et roublard, sera un interlocuteur à sa hauteur et trouvera le temps d’expliquer à Zackarina les rouages de l’existence.</div>
</div>
</div>
</div>
<p>[/vc_column_text][/vc_tab][vc_tab title= »équipe » tab_id= »1484770926199-5-7&Prime;][vc_column_text]</p>
<p class="show-author" style="text-align: center;"><span class="show-light-grey">Auteur :</span> Asa Lind, Editions Rabén &amp; Sjögren</p>
<p class="show-staging" style="text-align: center;"><span class="show-light-grey">Mise en scène :</span> Geneviève Pasquier et Nicolas Rossier</p>
<p class="show-staging" style="text-align: center;"><span class="show-light-grey">Traduction :</span> Ludivine Verbeke, ©Editions Bayard</p>
<p style="text-align: center;"><span class="show-light-grey">Adaptation :</span> Geneviève Pasquier et Nicolas Rossier</p>
<p style="text-align: center;"><span class="show-light-grey">Scénographie :</span> Geneviève Pasquier et Sam et Fred Guillaume</p>
<p style="text-align: center;"><span class="show-light-grey">Images et animation :</span> Sam et Fred Guillaume</p>
<p style="text-align: center;"><span class="show-light-grey">Création lumière et assistant scénographie :</span> Christophe Pitoiset</p>
<p style="text-align: center;"><span class="show-light-grey">Univers sonore :</span> Florian Pittet</p>
<p style="text-align: center;"><span class="show-light-grey">Costumes :</span> Amandine Rutschmann</p>
<p style="text-align: center;"><span class="show-light-grey">Réalisation costumes :</span> Fabienne Vuarnoz</p>
<p style="text-align: center;"><span class="show-light-grey">Maquillages et coiffures :</span> Julie Monot</p>
<p style="text-align: center;"><span class="show-light-grey">Réalisation décor :</span> Jean-Marie Mathey</p>
<p style="text-align: center;"><span class="show-light-grey">Accessoires :</span> Wyna Giller et Marc Hulmann</p>
<p style="text-align: center;"><span class="show-light-grey">Régie Lumière :</span> Laurent Magnin</p>
<p style="text-align: center;"><span class="show-light-grey">Régie son :</span> Pierre Berset</p>
<p style="text-align: center;"><span class="show-light-grey">Régie plateau :</span> Olivier Rappo</p>
<p style="text-align: center;"><span class="show-light-grey">Directeur technique :</span> Manu Quartier</p>
<p style="text-align: center;"><span class="show-light-grey">Avec le soutien du :</span> Programme Culture&amp;Ecole de l’Etat de Fribourg et de ses partenaires la BCF, la Loterie Romande et les TPF ainsi que du Fonds d&rsquo;aide à l&#8217;emploi de l&rsquo;école de théâtre Les Teintureries</p>
<p class="show-producer" style="text-align: center;"><span class="show-light-grey">Producteur :</span> Coproduction Centre dramatique fribourgeois – Théâtre des Osses &amp; Petit Théâtre, Lausanne</p>
<p class="show-actors" style="text-align: center;"><span class="show-light-grey">Avec :</span> Caroline Imhof, Fanny Künzler, Vincent Rime, Pierre Spuhler</p>
<p>[/vc_column_text][/vc_tab][/vc_tabs][/vc_column][/vc_row]</p>
