{"id":2142,"date":"2023-04-16T16:29:20","date_gmt":"2023-04-16T15:29:20","guid":{"rendered":"http:\/\/cine3d.ch\/?page_id=2142"},"modified":"2023-05-04T09:18:26","modified_gmt":"2023-05-04T08:18:26","slug":"letrange-incident-du-chien-pendant-la-nuit-2023","status":"publish","type":"page","link":"https:\/\/cine3d.ch\/?page_id=2142","title":{"rendered":"L&rsquo;\u00e9trange incident du chien pendant la nuit (2023)"},"content":{"rendered":"<p>[vc_row css_animation=\u00a0\u00bb\u00a0\u00bb row_type=\u00a0\u00bbrow\u00a0\u00bb use_row_as_full_screen_section=\u00a0\u00bbno\u00a0\u00bb type=\u00a0\u00bbfull_width\u00a0\u00bb angled_section=\u00a0\u00bbno\u00a0\u00bb text_align=\u00a0\u00bbleft\u00a0\u00bb background_image_as_pattern=\u00a0\u00bbwithout_pattern\u00a0\u00bb][vc_column][vc_empty_space][vc_column_text]<\/p>\n<h1 style=\"text-align: center;\"><span style=\"color: #008080;\"><span style=\"color: #ffffff;\">L&rsquo;\u00e9trange incident du chien pendant la nuit<br \/>\n<\/span><\/span><\/h1>\n<p>[\/vc_column_text][\/vc_column][\/vc_row][vc_row css_animation=\u00a0\u00bb\u00a0\u00bb row_type=\u00a0\u00bbrow\u00a0\u00bb use_row_as_full_screen_section=\u00a0\u00bbno\u00a0\u00bb type=\u00a0\u00bbfull_width\u00a0\u00bb angled_section=\u00a0\u00bbno\u00a0\u00bb text_align=\u00a0\u00bbleft\u00a0\u00bb background_image_as_pattern=\u00a0\u00bbwithout_pattern\u00a0\u00bb][vc_column][vc_empty_space][\/vc_column][\/vc_row][vc_row css_animation=\u00a0\u00bb\u00a0\u00bb row_type=\u00a0\u00bbrow\u00a0\u00bb use_row_as_full_screen_section=\u00a0\u00bbno\u00a0\u00bb type=\u00a0\u00bbfull_width\u00a0\u00bb angled_section=\u00a0\u00bbno\u00a0\u00bb text_align=\u00a0\u00bbleft\u00a0\u00bb background_image_as_pattern=\u00a0\u00bbwithout_pattern\u00a0\u00bb][vc_column][vc_tabs style=\u00a0\u00bbhorizontal\u00a0\u00bb][vc_tab title=\u00a0\u00bbimages\u00a0\u00bb tab_id=\u00a0\u00bb1484684479300-2-3&Prime;][vc_gallery interval=\u00a0\u00bb3&Prime; images=\u00a0\u00bb2244,2197,2235,2237,2238,2239,2240,2241,2242,2243,2245,2246,2247,2199,2249,2250,2251&Prime; img_size=\u00a0\u00bbfull\u00a0\u00bb][\/vc_tab][vc_tab title=\u00a0\u00bbPitch\u00a0\u00bb tab_id=\u00a0\u00bba5618a2d-977c-8&Prime;][vc_column_text]Qui a tu\u00e9 Wellington, le chien de la voisine ? Christopher, \u00ab quinze ans, trois mois et deux jours \u00bb, d\u00e9cide de mener l&rsquo;enqu\u00eate. Il poss\u00e8de une intelligence remarquable et une logique imparable : il aime les listes, les plans, la justice et Sherlock Holmes. Christopher est autiste et porte en lui une part de g\u00e9nie. Mais les \u00eatres humains le d\u00e9concertent. Seul, il n&rsquo;est jamais all\u00e9 plus loin que le bout de sa rue. Alors, quand son p\u00e8re lui ordonne de cesser ses investigations sur la mort de Wellington, Christopher refuse d&rsquo;ob\u00e9ir. Au risque de bouleverser le d\u00e9licat \u00e9quilibre de l&rsquo;univers qu&rsquo;il s&rsquo;est construit, il s&rsquo;en va tout seul chercher la v\u00e9rit\u00e9.<\/p>\n<p>Le metteur en sc\u00e8ne fribourgeois Julien Schmutz, invit\u00e9 par le Th\u00e9\u00e2tre des Osses, a choisi de raconter cette bouleversante histoire de singularit\u00e9, de courage et de famille. Le best-seller du romancier britannique Mark Haddon (2003), adapt\u00e9 pour le the\u0301\u00e2tre \u2013 o\u00f9 il a triomphe\u0301 dans le monde entier \u2013 par Simon Stephens, nous emm\u00e8ne avec un humour d\u00e9licieux dans le parcours initiatique de Christopher et des nombreux personnages qui peuplent son aventure.[\/vc_column_text][\/vc_tab][vc_tab title=\u00a0\u00bbEquipe\u00a0\u00bb tab_id=\u00a0\u00bb1484770926199-5-7&Prime;][vc_column_text]<\/p>\n<p class=\"show-staging\"><span class=\"show-light-grey\">Mise en sc\u00e8ne :<\/span> Julien Schmutz<\/p>\n<p class=\"show-actors\"><span class=\"show-light-grey\">Avec :<\/span> Yves Adam, Simon Bonvin, C\u00e9line Goormaghtigh, Genevi\u00e8ve Pasquier, Selvi P\u00fcrro, Vincent Rime, Nicolas Rossier, Diego Todeschini et Anne-Marie Yerly<\/p>\n<p class=\"show-actors\"><span class=\"show-light-grey\">Sc\u00e9nographie :<\/span> Val\u00e8re Girardin, Samuel &amp; Fr\u00e9d\u00e9ric Guillaume<\/p>\n<p><span class=\"show-light-grey\">Cr\u00e9ation lumi\u00e8re :<\/span> Ga\u00ebl Chapuis<\/p>\n<p><span class=\"show-light-grey\">Cr\u00e9ation musique :<\/span> Fran\u00e7ois Gendre<\/p>\n<p><span class=\"show-light-grey\">Costumes :<\/span> \u00c9l\u00e9onore Cassaigneau<\/p>\n<p><span class=\"show-light-grey\">Maquillages :<\/span> Emmanuelle Olivet-Pellegrin<\/p>\n<p class=\"show-producer\"><span class=\"show-light-grey\">Producteur :<\/span> Th\u00e9\u00e2tre des Osses \u2013 Centre dramatique fribourgeois<\/p>\n<p>[\/vc_column_text][\/vc_tab][vc_tab title=\u00a0\u00bbPr\u00e9visualisation\u00a0\u00bb tab_id=\u00a0\u00bb1683015456950-3-3&Prime;][vc_column_text]Les mouvements de d\u00e9cor ont \u00e9t\u00e9 d\u00e9finis avec le metteur en sc\u00e8ne en amont, avant la construction, afin de visualiser les diff\u00e9rents lieux et les mouvements n\u00e9cessaires au plateau. Cela a permis de gagner du temps en r\u00e9p\u00e9tition et a permis de simuler la vision de chaque spectateur dans la salle du th\u00e9\u00e2tre des Osses.[\/vc_column_text][vc_empty_space][vc_video link=\u00a0\u00bbhttps:\/\/vimeo.com\/822912932&Prime;][\/vc_tab][vc_tab title=\u00a0\u00bbPresse\u00a0\u00bb tab_id=\u00a0\u00bb1683188096996-4-9&Prime;][vc_column_text]<strong>Critique parue dans le journal La Libert\u00e9<\/strong>[\/vc_column_text][vc_single_image image=\u00a0\u00bb2255&Prime; img_size=\u00a0\u00bbfull\u00a0\u00bb qode_css_animation=\u00a0\u00bb\u00a0\u00bb][\/vc_tab][\/vc_tabs][\/vc_column][\/vc_row][vc_row css_animation=\u00a0\u00bb\u00a0\u00bb row_type=\u00a0\u00bbrow\u00a0\u00bb use_row_as_full_screen_section=\u00a0\u00bbno\u00a0\u00bb type=\u00a0\u00bbfull_width\u00a0\u00bb angled_section=\u00a0\u00bbno\u00a0\u00bb text_align=\u00a0\u00bbleft\u00a0\u00bb background_image_as_pattern=\u00a0\u00bbwithout_pattern\u00a0\u00bb][vc_column][\/vc_column][\/vc_row]<\/p>\n","protected":false},"excerpt":{"rendered":"<p>[vc_row css_animation=\u00a0\u00bb\u00a0\u00bb row_type=\u00a0\u00bbrow\u00a0\u00bb use_row_as_full_screen_section=\u00a0\u00bbno\u00a0\u00bb type=\u00a0\u00bbfull_width\u00a0\u00bb angled_section=\u00a0\u00bbno\u00a0\u00bb text_align=\u00a0\u00bbleft\u00a0\u00bb background_image_as_pattern=\u00a0\u00bbwithout_pattern\u00a0\u00bb][vc_column][vc_empty_space][vc_column_text] L&rsquo;\u00e9trange incident du chien pendant la nuit [\/vc_column_text][\/vc_column][\/vc_row][vc_row css_animation=\u00a0\u00bb\u00a0\u00bb row_type=\u00a0\u00bbrow\u00a0\u00bb use_row_as_full_screen_section=\u00a0\u00bbno\u00a0\u00bb type=\u00a0\u00bbfull_width\u00a0\u00bb angled_section=\u00a0\u00bbno\u00a0\u00bb text_align=\u00a0\u00bbleft\u00a0\u00bb background_image_as_pattern=\u00a0\u00bbwithout_pattern\u00a0\u00bb][vc_column][vc_empty_space][\/vc_column][\/vc_row][vc_row css_animation=\u00a0\u00bb\u00a0\u00bb row_type=\u00a0\u00bbrow\u00a0\u00bb use_row_as_full_screen_section=\u00a0\u00bbno\u00a0\u00bb type=\u00a0\u00bbfull_width\u00a0\u00bb angled_section=\u00a0\u00bbno\u00a0\u00bb text_align=\u00a0\u00bbleft\u00a0\u00bb background_image_as_pattern=\u00a0\u00bbwithout_pattern\u00a0\u00bb][vc_column][vc_tabs style=\u00a0\u00bbhorizontal\u00a0\u00bb][vc_tab title=\u00a0\u00bbimages\u00a0\u00bb tab_id=\u00a0\u00bb1484684479300-2-3&Prime;][vc_gallery interval=\u00a0\u00bb3&Prime; images=\u00a0\u00bb2244,2197,2235,2237,2238,2239,2240,2241,2242,2243,2245,2246,2247,2199,2249,2250,2251&Prime; img_size=\u00a0\u00bbfull\u00a0\u00bb][\/vc_tab][vc_tab title=\u00a0\u00bbPitch\u00a0\u00bb tab_id=\u00a0\u00bba5618a2d-977c-8&Prime;][vc_column_text]Qui a tu\u00e9 Wellington, le chien de la&#8230;<\/p>\n","protected":false},"author":2,"featured_media":0,"parent":0,"menu_order":0,"comment_status":"closed","ping_status":"closed","template":"","meta":[],"_links":{"self":[{"href":"https:\/\/cine3d.ch\/index.php?rest_route=\/wp\/v2\/pages\/2142"}],"collection":[{"href":"https:\/\/cine3d.ch\/index.php?rest_route=\/wp\/v2\/pages"}],"about":[{"href":"https:\/\/cine3d.ch\/index.php?rest_route=\/wp\/v2\/types\/page"}],"author":[{"embeddable":true,"href":"https:\/\/cine3d.ch\/index.php?rest_route=\/wp\/v2\/users\/2"}],"replies":[{"embeddable":true,"href":"https:\/\/cine3d.ch\/index.php?rest_route=%2Fwp%2Fv2%2Fcomments&post=2142"}],"version-history":[{"count":13,"href":"https:\/\/cine3d.ch\/index.php?rest_route=\/wp\/v2\/pages\/2142\/revisions"}],"predecessor-version":[{"id":2195,"href":"https:\/\/cine3d.ch\/index.php?rest_route=\/wp\/v2\/pages\/2142\/revisions\/2195"}],"wp:attachment":[{"href":"https:\/\/cine3d.ch\/index.php?rest_route=%2Fwp%2Fv2%2Fmedia&parent=2142"}],"curies":[{"name":"wp","href":"https:\/\/api.w.org\/{rel}","templated":true}]}}