{"id":2399,"date":"2025-04-05T17:12:19","date_gmt":"2025-04-05T16:12:19","guid":{"rendered":"https:\/\/cine3d.ch\/?page_id=2399"},"modified":"2025-04-05T17:42:33","modified_gmt":"2025-04-05T16:42:33","slug":"la-bande-mecanique-2025","status":"publish","type":"page","link":"https:\/\/cine3d.ch\/?page_id=2399","title":{"rendered":"La bande m\u00e9canique (2025)"},"content":{"rendered":"<p>[vc_row css_animation=\u00a0\u00bb\u00a0\u00bb row_type=\u00a0\u00bbrow\u00a0\u00bb use_row_as_full_screen_section=\u00a0\u00bbno\u00a0\u00bb type=\u00a0\u00bbfull_width\u00a0\u00bb angled_section=\u00a0\u00bbno\u00a0\u00bb text_align=\u00a0\u00bbleft\u00a0\u00bb background_image_as_pattern=\u00a0\u00bbwithout_pattern\u00a0\u00bb][vc_column][vc_empty_space][vc_single_image image=\u00a0\u00bb2418&Prime; img_size=\u00a0\u00bbfull\u00a0\u00bb alignment=\u00a0\u00bbcenter\u00a0\u00bb qode_css_animation=\u00a0\u00bb\u00a0\u00bb][vc_empty_space][\/vc_column][\/vc_row][vc_row css_animation=\u00a0\u00bb\u00a0\u00bb row_type=\u00a0\u00bbrow\u00a0\u00bb use_row_as_full_screen_section=\u00a0\u00bbno\u00a0\u00bb type=\u00a0\u00bbfull_width\u00a0\u00bb angled_section=\u00a0\u00bbno\u00a0\u00bb text_align=\u00a0\u00bbleft\u00a0\u00bb background_image_as_pattern=\u00a0\u00bbwithout_pattern\u00a0\u00bb][vc_column][vc_tabs style=\u00a0\u00bbhorizontal\u00a0\u00bb][vc_tab title=\u00a0\u00bbPitch\u00a0\u00bb tab_id=\u00a0\u00bba5618a2d-977c-8&Prime;][vc_column_text]<\/p>\n<div class=\"vc_col-sm-6 wpb_column vc_column_container vc_custom_1427718485064\">\n<div class=\"wpb_wrapper\">\n<div class=\"wpb_text_column wpb_content_element \">\n<div class=\"wpb_wrapper\"><strong>Mus\u00e9e d&rsquo;art et d&rsquo;histoire de Fribourg (MAHF)<\/strong><\/div>\n<div class=\"wpb_wrapper\"><strong>04.04.2025 &#8211; 07.09.2025<\/strong><\/div>\n<div><\/div>\n<div class=\"wpb_wrapper\">En hommage \u00e0 l\u2019h\u00e9ritage artistique de Jean Tinguely, le collectif du Magnifique Th\u00e9\u00e2tre d\u00e9veloppe une exposition \u00e0 la crois\u00e9e de la sc\u00e9nographie th\u00e9\u00e2trale et de l\u2019installation cin\u00e9tique. Vous y d\u00e9couvrirez une \u00abfamille de machines\u00bb allant des grands-parents aux enfants, en passant par les oncles et tantes, les animaux domestiques, jusqu\u2019au monstre sous le lit. Certaines machines-personnages s\u2019enfuiront de leur maison (le MAHF) et partiront en excursion en ville de Fribourg et dans le canton.<\/div>\n<\/div>\n<\/div>\n<\/div>\n<p>[\/vc_column_text][vc_empty_space][vc_single_image image=\u00a0\u00bb2405&Prime; img_size=\u00a0\u00bblarge\u00a0\u00bb add_caption=\u00a0\u00bbyes\u00a0\u00bb qode_css_animation=\u00a0\u00bb\u00a0\u00bb][\/vc_tab][vc_tab title=\u00a0\u00bbAffiche\u00a0\u00bb tab_id=\u00a0\u00bb1516111811930-4-1&Prime;][vc_single_image image=\u00a0\u00bb2400&Prime; img_size=\u00a0\u00bblarge\u00a0\u00bb alignment=\u00a0\u00bbcenter\u00a0\u00bb qode_css_animation=\u00a0\u00bb\u00a0\u00bb][\/vc_tab][vc_tab title=\u00a0\u00bbImages\u00a0\u00bb tab_id=\u00a0\u00bb1484684479300-2-3&Prime;][vc_gallery interval=\u00a0\u00bb3&Prime; images=\u00a0\u00bb2401,2414,2415,2411,2412,2409,2410&Prime; img_size=\u00a0\u00bbfull\u00a0\u00bb][\/vc_tab][vc_tab title=\u00a0\u00bbVid\u00e9o de pr\u00e9sentation\u00a0\u00bb tab_id=\u00a0\u00bb1743871247393-5-10&Prime;][vc_video link=\u00a0\u00bbhttps:\/\/youtu.be\/56CHg_Txanw\u00a0\u00bb][\/vc_tab][vc_tab title=\u00a0\u00bbEquipe\u00a0\u00bb tab_id=\u00a0\u00bb1484770926199-5-7&Prime;][vc_column_text]<\/p>\n<p style=\"text-align: center;\"><strong>Ecriture et mise en sc\u00e8ne<\/strong><br \/>\nJulien Schmutz &amp; Michel Lavoie<\/p>\n<p style=\"text-align: center;\"><strong>Concept et dispositif<\/strong><br \/>\nJulien Schmutz, Sam et Fred Guillaume, Fran\u00e7ois Gendre, Ga\u00ebl Chapuis<\/p>\n<p style=\"text-align: center;\"><strong>Construction<\/strong><br \/>\nFran\u00e7ois Gendre, Ga\u00ebl Chapuis, Vincent Rime, Harold Weber<\/p>\n<p style=\"text-align: center;\"><strong>Administration<\/strong><br \/>\nEmmanuel Colliard<\/p>\n<p style=\"text-align: center;\"><strong>\u0152il ext\u00e9rieur machines\u00a0<\/strong><br \/>\nSam &amp; Fred Guillaume<\/p>\n<p style=\"text-align: center;\"><strong>Communication<\/strong><br \/>\nAgence Oxima<\/p>\n<p style=\"text-align: center;\"><strong>M\u00e9diation\u00a0<\/strong><br \/>\nLe Magnifique Th\u00e9\u00e2tre, MAHF, Fribourg Tourisme, Ville de Fribourg<\/p>\n<p style=\"text-align: center;\"><strong>Sc\u00e9nographie<\/strong><br \/>\nSam &amp; Fred Guillaume, Val\u00e8re Girardin, Ga\u00ebl Chapuis<\/p>\n<p>[\/vc_column_text][\/vc_tab][vc_tab title=\u00a0\u00bbLiens\u00a0\u00bb tab_id=\u00a0\u00bb1743871030235-4-0&Prime;][vc_column_text]<\/p>\n<p>Lien sur le site du Mus\u00e9e: <a href=\"https:\/\/www.fr.ch\/mahf\/evenements\/museoscope-la-bande-mecanique\">https:\/\/www.fr.ch\/mahf\/evenements\/museoscope-la-bande-mecanique<\/a><\/p>\n<p>[\/vc_column_text][vc_column_text]Lien sur le site de la bande m\u00e9canique: <a href=\"https:\/\/la-bande-mecanique.ch\/fr\">https:\/\/la-bande-mecanique.ch\/fr<\/a>[\/vc_column_text][\/vc_tab][\/vc_tabs][\/vc_column][\/vc_row][vc_row css_animation=\u00a0\u00bb\u00a0\u00bb row_type=\u00a0\u00bbrow\u00a0\u00bb use_row_as_full_screen_section=\u00a0\u00bbno\u00a0\u00bb type=\u00a0\u00bbfull_width\u00a0\u00bb angled_section=\u00a0\u00bbno\u00a0\u00bb text_align=\u00a0\u00bbleft\u00a0\u00bb background_image_as_pattern=\u00a0\u00bbwithout_pattern\u00a0\u00bb][vc_column][\/vc_column][\/vc_row]<\/p>\n","protected":false},"excerpt":{"rendered":"<p>[vc_row css_animation=\u00a0\u00bb\u00a0\u00bb row_type=\u00a0\u00bbrow\u00a0\u00bb use_row_as_full_screen_section=\u00a0\u00bbno\u00a0\u00bb type=\u00a0\u00bbfull_width\u00a0\u00bb angled_section=\u00a0\u00bbno\u00a0\u00bb text_align=\u00a0\u00bbleft\u00a0\u00bb background_image_as_pattern=\u00a0\u00bbwithout_pattern\u00a0\u00bb][vc_column][vc_empty_space][vc_single_image image=\u00a0\u00bb2418&Prime; img_size=\u00a0\u00bbfull\u00a0\u00bb alignment=\u00a0\u00bbcenter\u00a0\u00bb qode_css_animation=\u00a0\u00bb\u00a0\u00bb][vc_empty_space][\/vc_column][\/vc_row][vc_row css_animation=\u00a0\u00bb\u00a0\u00bb row_type=\u00a0\u00bbrow\u00a0\u00bb use_row_as_full_screen_section=\u00a0\u00bbno\u00a0\u00bb type=\u00a0\u00bbfull_width\u00a0\u00bb angled_section=\u00a0\u00bbno\u00a0\u00bb text_align=\u00a0\u00bbleft\u00a0\u00bb background_image_as_pattern=\u00a0\u00bbwithout_pattern\u00a0\u00bb][vc_column][vc_tabs style=\u00a0\u00bbhorizontal\u00a0\u00bb][vc_tab title=\u00a0\u00bbPitch\u00a0\u00bb tab_id=\u00a0\u00bba5618a2d-977c-8&Prime;][vc_column_text] Mus\u00e9e d&rsquo;art et d&rsquo;histoire de Fribourg (MAHF) 04.04.2025 &#8211; 07.09.2025 En hommage \u00e0 l\u2019h\u00e9ritage artistique de Jean Tinguely, le collectif du Magnifique Th\u00e9\u00e2tre&#8230;<\/p>\n","protected":false},"author":2,"featured_media":0,"parent":0,"menu_order":0,"comment_status":"closed","ping_status":"closed","template":"","meta":[],"_links":{"self":[{"href":"https:\/\/cine3d.ch\/index.php?rest_route=\/wp\/v2\/pages\/2399"}],"collection":[{"href":"https:\/\/cine3d.ch\/index.php?rest_route=\/wp\/v2\/pages"}],"about":[{"href":"https:\/\/cine3d.ch\/index.php?rest_route=\/wp\/v2\/types\/page"}],"author":[{"embeddable":true,"href":"https:\/\/cine3d.ch\/index.php?rest_route=\/wp\/v2\/users\/2"}],"replies":[{"embeddable":true,"href":"https:\/\/cine3d.ch\/index.php?rest_route=%2Fwp%2Fv2%2Fcomments&post=2399"}],"version-history":[{"count":15,"href":"https:\/\/cine3d.ch\/index.php?rest_route=\/wp\/v2\/pages\/2399\/revisions"}],"predecessor-version":[{"id":2426,"href":"https:\/\/cine3d.ch\/index.php?rest_route=\/wp\/v2\/pages\/2399\/revisions\/2426"}],"wp:attachment":[{"href":"https:\/\/cine3d.ch\/index.php?rest_route=%2Fwp%2Fv2%2Fmedia&parent=2399"}],"curies":[{"name":"wp","href":"https:\/\/api.w.org\/{rel}","templated":true}]}}

La bande mécanique (2025)

<p>[vc_row css_animation= » » row_type= »row » use_row_as_full_screen_section= »no » type= »full_width » angled_section= »no » text_align= »left » background_image_as_pattern= »without_pattern »][vc_column][vc_empty_space][vc_single_image image= »2418&Prime; img_size= »full » alignment= »center » qode_css_animation= » »][vc_empty_space][/vc_column][/vc_row][vc_row css_animation= » » row_type= »row » use_row_as_full_screen_section= »no » type= »full_width » angled_section= »no » text_align= »left » background_image_as_pattern= »without_pattern »][vc_column][vc_tabs style= »horizontal »][vc_tab title= »Pitch » tab_id= »a5618a2d-977c-8&Prime;][vc_column_text]</p>
<div class="vc_col-sm-6 wpb_column vc_column_container vc_custom_1427718485064">
<div class="wpb_wrapper">
<div class="wpb_text_column wpb_content_element ">
<div class="wpb_wrapper"><strong>Musée d&rsquo;art et d&rsquo;histoire de Fribourg (MAHF)</strong></div>
<div class="wpb_wrapper"><strong>04.04.2025 &#8211; 07.09.2025</strong></div>
<div></div>
<div class="wpb_wrapper">En hommage à l’héritage artistique de Jean Tinguely, le collectif du Magnifique Théâtre développe une exposition à la croisée de la scénographie théâtrale et de l’installation cinétique. Vous y découvrirez une «famille de machines» allant des grands-parents aux enfants, en passant par les oncles et tantes, les animaux domestiques, jusqu’au monstre sous le lit. Certaines machines-personnages s’enfuiront de leur maison (le MAHF) et partiront en excursion en ville de Fribourg et dans le canton.</div>
</div>
</div>
</div>
<p>[/vc_column_text][vc_empty_space][vc_single_image image= »2405&Prime; img_size= »large » add_caption= »yes » qode_css_animation= » »][/vc_tab][vc_tab title= »Affiche » tab_id= »1516111811930-4-1&Prime;][vc_single_image image= »2400&Prime; img_size= »large » alignment= »center » qode_css_animation= » »][/vc_tab][vc_tab title= »Images » tab_id= »1484684479300-2-3&Prime;][vc_gallery interval= »3&Prime; images= »2401,2414,2415,2411,2412,2409,2410&Prime; img_size= »full »][/vc_tab][vc_tab title= »Vidéo de présentation » tab_id= »1743871247393-5-10&Prime;][vc_video link= »https://youtu.be/56CHg_Txanw »][/vc_tab][vc_tab title= »Equipe » tab_id= »1484770926199-5-7&Prime;][vc_column_text]</p>
<p style="text-align: center;"><strong>Ecriture et mise en scène</strong><br />
Julien Schmutz &amp; Michel Lavoie</p>
<p style="text-align: center;"><strong>Concept et dispositif</strong><br />
Julien Schmutz, Sam et Fred Guillaume, François Gendre, Gaël Chapuis</p>
<p style="text-align: center;"><strong>Construction</strong><br />
François Gendre, Gaël Chapuis, Vincent Rime, Harold Weber</p>
<p style="text-align: center;"><strong>Administration</strong><br />
Emmanuel Colliard</p>
<p style="text-align: center;"><strong>Œil extérieur machines </strong><br />
Sam &amp; Fred Guillaume</p>
<p style="text-align: center;"><strong>Communication</strong><br />
Agence Oxima</p>
<p style="text-align: center;"><strong>Médiation </strong><br />
Le Magnifique Théâtre, MAHF, Fribourg Tourisme, Ville de Fribourg</p>
<p style="text-align: center;"><strong>Scénographie</strong><br />
Sam &amp; Fred Guillaume, Valère Girardin, Gaël Chapuis</p>
<p>[/vc_column_text][/vc_tab][vc_tab title= »Liens » tab_id= »1743871030235-4-0&Prime;][vc_column_text]</p>
<p>Lien sur le site du Musée: <a href="https://www.fr.ch/mahf/evenements/museoscope-la-bande-mecanique">https://www.fr.ch/mahf/evenements/museoscope-la-bande-mecanique</a></p>
<p>[/vc_column_text][vc_column_text]Lien sur le site de la bande mécanique: <a href="https://la-bande-mecanique.ch/fr">https://la-bande-mecanique.ch/fr</a>[/vc_column_text][/vc_tab][/vc_tabs][/vc_column][/vc_row][vc_row css_animation= » » row_type= »row » use_row_as_full_screen_section= »no » type= »full_width » angled_section= »no » text_align= »left » background_image_as_pattern= »without_pattern »][vc_column][/vc_column][/vc_row]</p>

<p>[vc_row css_animation= » » row_type= »row » use_row_as_full_screen_section= »no » type= »full_width » angled_section= »no » text_align= »left » background_image_as_pattern= »without_pattern »][vc_column][vc_empty_space][vc_single_image image= »2418&Prime; img_size= »full » alignment= »center » qode_css_animation= » »][vc_empty_space][/vc_column][/vc_row][vc_row css_animation= » » row_type= »row » use_row_as_full_screen_section= »no » type= »full_width » angled_section= »no » text_align= »left » background_image_as_pattern= »without_pattern »][vc_column][vc_tabs style= »horizontal »][vc_tab title= »Pitch » tab_id= »a5618a2d-977c-8&Prime;][vc_column_text] Musée d&rsquo;art et d&rsquo;histoire de Fribourg (MAHF) 04.04.2025 &#8211; 07.09.2025 En hommage à l’héritage artistique de Jean Tinguely, le collectif du Magnifique Théâtre&#8230;</p>
