{"id":2469,"date":"2026-01-19T18:50:01","date_gmt":"2026-01-19T17:50:01","guid":{"rendered":"https:\/\/cine3d.ch\/?page_id=2469"},"modified":"2026-01-29T15:07:00","modified_gmt":"2026-01-29T14:07:00","slug":"video-club-2026","status":"publish","type":"page","link":"https:\/\/cine3d.ch\/?page_id=2469","title":{"rendered":"VIDEO-CLUB (2026)"},"content":{"rendered":"<p>[vc_row css_animation=\u00a0\u00bb\u00a0\u00bb row_type=\u00a0\u00bbrow\u00a0\u00bb use_row_as_full_screen_section=\u00a0\u00bbno\u00a0\u00bb type=\u00a0\u00bbfull_width\u00a0\u00bb angled_section=\u00a0\u00bbno\u00a0\u00bb text_align=\u00a0\u00bbleft\u00a0\u00bb background_image_as_pattern=\u00a0\u00bbwithout_pattern\u00a0\u00bb][vc_column][vc_empty_space][vc_column_text]<\/p>\n<h1 style=\"text-align: center;\"><span style=\"color: #008080;\"><span style=\"color: #ffffff;\">VIDEO CLUB<\/span><\/span><\/h1>\n<p>[\/vc_column_text][\/vc_column][\/vc_row][vc_row css_animation=\u00a0\u00bb\u00a0\u00bb row_type=\u00a0\u00bbrow\u00a0\u00bb use_row_as_full_screen_section=\u00a0\u00bbno\u00a0\u00bb type=\u00a0\u00bbfull_width\u00a0\u00bb angled_section=\u00a0\u00bbno\u00a0\u00bb text_align=\u00a0\u00bbleft\u00a0\u00bb background_image_as_pattern=\u00a0\u00bbwithout_pattern\u00a0\u00bb][vc_column][vc_empty_space][\/vc_column][\/vc_row][vc_row css_animation=\u00a0\u00bb\u00a0\u00bb row_type=\u00a0\u00bbrow\u00a0\u00bb use_row_as_full_screen_section=\u00a0\u00bbno\u00a0\u00bb type=\u00a0\u00bbfull_width\u00a0\u00bb angled_section=\u00a0\u00bbno\u00a0\u00bb text_align=\u00a0\u00bbleft\u00a0\u00bb background_image_as_pattern=\u00a0\u00bbwithout_pattern\u00a0\u00bb][vc_column][vc_tabs style=\u00a0\u00bbhorizontal\u00a0\u00bb][vc_tab title=\u00a0\u00bbimages\u00a0\u00bb tab_id=\u00a0\u00bb1681661309060-2-4&Prime;][vc_gallery interval=\u00a0\u00bb3&Prime; images=\u00a0\u00bb2478,2477,2476,2475,2474,2473,2472,2471&Prime; img_size=\u00a0\u00bblarge\u00a0\u00bb][vc_column_text]\u00a9 CaroleParodi 2026[\/vc_column_text][\/vc_tab][vc_tab title=\u00a0\u00bbPr\u00e9viz\u00a0\u00bb tab_id=\u00a0\u00bb1736616775257-4-3&Prime;][vc_column_text]Comme pour tous les travaux de sc\u00e9nographie que nous r\u00e9alisons, la pr\u00e9visualisation 3D est un outil central de la phase de d\u00e9veloppement. Cela permet de s&rsquo;assurer que les \u00e9l\u00e9ments soient adapt\u00e9s \u00e0 chaque salle, de communiquer facilement avec l&rsquo;\u00e9quipe et de pouvoir \u00e9laborer un budget de fabrication r\u00e9aliste. Concernant VIDEO-CLUB, elle s&rsquo;est av\u00e9r\u00e9e tr\u00e8s utile pour caler les images projet\u00e9es sur le tulle holographique[\/vc_column_text][vc_gallery interval=\u00a0\u00bb3&Prime; images=\u00a0\u00bb2483,2482,2481,2480,2479&Prime; img_size=\u00a0\u00bblarge\u00a0\u00bb][\/vc_tab][vc_tab title=\u00a0\u00bbPitch\u00a0\u00bb tab_id=\u00a0\u00bba5618a2d-977c-8&Prime;][vc_column_text]Dans cette com\u00e9die, Justine et Jean-Marc, mari\u00e9s depuis vingt-cinq ans, re\u00e7oivent un mail anonyme r\u00e9v\u00e9lant la pr\u00e9sence d\u2019une cam\u00e9ra de vid\u00e9osurveillance cach\u00e9e sur une \u00e9tag\u00e8re de leur cuisine. En cliquant sur le lien attach\u00e9, ils d\u00e9couvrent qu\u2019ils sont film\u00e9s \u00e0 leur insu. Ils d\u00e9branchent pr\u00e9cipitamment la cam\u00e9ra, mais\u2026 le mal est fait.<\/p>\n<p>D\u2019autres vid\u00e9os suivent, les incriminant tour \u00e0 tour dans leurs petits forfaits du quotidien, mettant chaque fois un peu plus en lumi\u00e8re leurs mesquineries, leur mauvaise foi, leurs trahisons. Ils r\u00e9alisent qu\u2019ils sont espionn\u00e9s depuis des mois.<\/p>\n<p>Qui a plac\u00e9 l\u2019engin en embuscade dans leur intimit\u00e9, et pourquoi ? Cherche-t-on \u00e0 les pi\u00e9ger? \u00c0 les faire chanter? Ou n\u2019est-ce qu\u2019une injonction \u00e0 prendre conscience de leurs petits mensonges et leurs grands arrangements?<\/p>\n<p>De r\u00e9v\u00e9lations en aveux, d\u2019injustes invectives en m\u00e9diocres n\u00e9gociations, la situation d\u00e9g\u00e9n\u00e8re. Et quand un myst\u00e9rieux gorille appara\u00eet sur leurs \u00e9crans, leur vie bascule d\u00e9finitivement dans l\u2019absurde\u2026<\/p>\n<p>Dans une mise en sc\u00e8ne jubilatoire, L\u2019AUTRECIE s\u2019empare avec finesse de cette pi\u00e8ce aussi grin\u00e7ante que d\u00e9sopilante, m\u00e9taphore de notre monde o\u00f9 nous sommes constamment surveill\u00e9s, contr\u00f4l\u00e9s et film\u00e9s \u00e0 tous les coins de rue\u2026[\/vc_column_text][\/vc_tab][vc_tab title=\u00a0\u00bbEquipe\u00a0\u00bb tab_id=\u00a0\u00bb1484770926199-5-7&Prime;][vc_column_text]<\/p>\n<div class=\"credit\">\n<p class=\"p1\">Mise en sc\u00e8ne : JULIEN GEORGE<br \/>\nAssistanat : PAULINE LEBET<br \/>\nJeu : CAMILLE FIGUEREO, FR\u00c9D\u00c9RIC LANDENBERG, PAULINE LEBET<br \/>\nSc\u00e9nographie et Films : SAM &amp; FRED GUILLAUME<br \/>\nLumi\u00e8re et Dispositif vid\u00e9o : GA\u00cbL CHAPUIS<br \/>\nMusique et Son : SIMON AESCHIMANN<br \/>\nCostumes : MARION SCHMID<br \/>\nMaquillages et Coiffures : KATRINE ZINGG<br \/>\nR\u00e9gie Lumi\u00e8re, son, vid\u00e9o : BENJAMIN DEFERNE<br \/>\nR\u00e9gie Plateau : PAULINE LEBET<br \/>\nConstruction D\u00e9cor : ATELIER DU LIGNON<br \/>\nPeinture : MARTINE CHERIX<br \/>\nAdministration : B\u00c9ATRICE CAZORLA<br \/>\nCo-production : L\u2019AUTRECIE ET TH\u00c9\u00c2TRE ALCHIMIC<\/p>\n<p><span class=\"s2\"><strong>\u00a9<\/strong>Caroline Parodie photography<\/span><\/p>\n<\/div>\n<p>[\/vc_column_text][\/vc_tab][vc_tab title=\u00a0\u00bbAffiche\u00a0\u00bb tab_id=\u00a0\u00bb1768846833630-4-4&Prime;][vc_single_image image=\u00a0\u00bb2490&Prime; img_size=\u00a0\u00bblarge\u00a0\u00bb qode_css_animation=\u00a0\u00bb\u00a0\u00bb][\/vc_tab][\/vc_tabs][\/vc_column][\/vc_row][vc_row css_animation=\u00a0\u00bb\u00a0\u00bb row_type=\u00a0\u00bbrow\u00a0\u00bb use_row_as_full_screen_section=\u00a0\u00bbno\u00a0\u00bb type=\u00a0\u00bbfull_width\u00a0\u00bb angled_section=\u00a0\u00bbno\u00a0\u00bb text_align=\u00a0\u00bbleft\u00a0\u00bb background_image_as_pattern=\u00a0\u00bbwithout_pattern\u00a0\u00bb][vc_column][\/vc_column][\/vc_row]<\/p>\n","protected":false},"excerpt":{"rendered":"<p>[vc_row css_animation=\u00a0\u00bb\u00a0\u00bb row_type=\u00a0\u00bbrow\u00a0\u00bb use_row_as_full_screen_section=\u00a0\u00bbno\u00a0\u00bb type=\u00a0\u00bbfull_width\u00a0\u00bb angled_section=\u00a0\u00bbno\u00a0\u00bb text_align=\u00a0\u00bbleft\u00a0\u00bb background_image_as_pattern=\u00a0\u00bbwithout_pattern\u00a0\u00bb][vc_column][vc_empty_space][vc_column_text] VIDEO CLUB [\/vc_column_text][\/vc_column][\/vc_row][vc_row css_animation=\u00a0\u00bb\u00a0\u00bb row_type=\u00a0\u00bbrow\u00a0\u00bb use_row_as_full_screen_section=\u00a0\u00bbno\u00a0\u00bb type=\u00a0\u00bbfull_width\u00a0\u00bb angled_section=\u00a0\u00bbno\u00a0\u00bb text_align=\u00a0\u00bbleft\u00a0\u00bb background_image_as_pattern=\u00a0\u00bbwithout_pattern\u00a0\u00bb][vc_column][vc_empty_space][\/vc_column][\/vc_row][vc_row css_animation=\u00a0\u00bb\u00a0\u00bb row_type=\u00a0\u00bbrow\u00a0\u00bb use_row_as_full_screen_section=\u00a0\u00bbno\u00a0\u00bb type=\u00a0\u00bbfull_width\u00a0\u00bb angled_section=\u00a0\u00bbno\u00a0\u00bb text_align=\u00a0\u00bbleft\u00a0\u00bb background_image_as_pattern=\u00a0\u00bbwithout_pattern\u00a0\u00bb][vc_column][vc_tabs style=\u00a0\u00bbhorizontal\u00a0\u00bb][vc_tab title=\u00a0\u00bbimages\u00a0\u00bb tab_id=\u00a0\u00bb1681661309060-2-4&Prime;][vc_gallery interval=\u00a0\u00bb3&Prime; images=\u00a0\u00bb2478,2477,2476,2475,2474,2473,2472,2471&Prime; img_size=\u00a0\u00bblarge\u00a0\u00bb][vc_column_text]\u00a9 CaroleParodi 2026[\/vc_column_text][\/vc_tab][vc_tab title=\u00a0\u00bbPr\u00e9viz\u00a0\u00bb tab_id=\u00a0\u00bb1736616775257-4-3&Prime;][vc_column_text]Comme pour tous les travaux de sc\u00e9nographie que nous r\u00e9alisons, la&#8230;<\/p>\n","protected":false},"author":2,"featured_media":0,"parent":0,"menu_order":0,"comment_status":"closed","ping_status":"closed","template":"","meta":[],"_links":{"self":[{"href":"https:\/\/cine3d.ch\/index.php?rest_route=\/wp\/v2\/pages\/2469"}],"collection":[{"href":"https:\/\/cine3d.ch\/index.php?rest_route=\/wp\/v2\/pages"}],"about":[{"href":"https:\/\/cine3d.ch\/index.php?rest_route=\/wp\/v2\/types\/page"}],"author":[{"embeddable":true,"href":"https:\/\/cine3d.ch\/index.php?rest_route=\/wp\/v2\/users\/2"}],"replies":[{"embeddable":true,"href":"https:\/\/cine3d.ch\/index.php?rest_route=%2Fwp%2Fv2%2Fcomments&post=2469"}],"version-history":[{"count":8,"href":"https:\/\/cine3d.ch\/index.php?rest_route=\/wp\/v2\/pages\/2469\/revisions"}],"predecessor-version":[{"id":2493,"href":"https:\/\/cine3d.ch\/index.php?rest_route=\/wp\/v2\/pages\/2469\/revisions\/2493"}],"wp:attachment":[{"href":"https:\/\/cine3d.ch\/index.php?rest_route=%2Fwp%2Fv2%2Fmedia&parent=2469"}],"curies":[{"name":"wp","href":"https:\/\/api.w.org\/{rel}","templated":true}]}}